late the remainder when 242 is divided by 32.
18
What is the remainder when 29 is divided by 4?
1
Calculate the remainder when 1934 is divided by 195.
179
What is the remainder when 1423 is divided by 63?
37
What is the remainder when 66 is divided by 20?
6
Calculate the remainder when 129 is divided by 63.
3
What is the remainder when 5028 is divided by 107?
106
Calculate the remainder when 292 is divided by 7.
5
Calculate the remainder when 99 is divided by 9.
0
Calculate the remainder when 391 is divided by 134.
123
Calculate the remainder when 5663 is divided by 103.
101
What is the remainder when 69 is divided by 16?
5
Calculate the remainder when 136 is divided by 26.
6
What is the remainder when 399 is divided by 42?
21
What is the remainder when 255 is divided by 135?
120
Calculate the remainder when 1085 is divided by 179.
11
What is the remainder when 2070 is divided by 2024?
46
Calculate the remainder when 165 is divided by 11.
0
What is the remainder when 103 is divided by 8?
7
What is the remainder when 204 is divided by 69?
66
What is the remainder when 268 is divided by 6?
4
What is the remainder when 11622 is divided by 25?
22
What is the remainder when 401 is divided by 124?
29
What is the remainder when 6317 is divided by 80?
77
Calculate the remainder when 401 is divided by 308.
93
What is the remainder when 755 is divided by 6?
5
Calculate the remainder when 753 is divided by 63.
60
What is the remainder when 102 is divided by 8?
6
What is the remainder when 379 is divided by 68?
39
What is the remainder when 4951 is divided by 42?
37
What is the remainder when 138 is divided by 28?
26
Calculate the remainder when 318 is divided by 110.
98
Calculate the remainder when 295 is divided by 8.
7
What is the remainder when 296 is divided by 62?
48
Calculate the remainder when 9669 is divided by 312.
309
Calculate the remainder when 189 is divided by 37.
4
Calculate the remainder when 1311 is divided by 32.
31
Calculate the remainder when 2694 is divided by 2687.
7
Calculate the remainder when 18 is divided by 7.
4
Calculate the remainder when 11 is divided by 9.
2
Calculate the remainder when 60 is divided by 60.
0
Calculate the remainder when 962 is divided by 159.
8
What is the remainder when 5425 is divided by 201?
199
Calculate the remainder when 509 is divided by 137.
98
What is the remainder when 56 is divided by 12?
8
What is the remainder when 411 is divided by 32?
27
Calculate the remainder when 2555 is divided by 20.
15
Calculate the remainder when 326 is divided by 106.
8
What is the remainder when 122 is divided by 34?
20
Calculate the remainder when 283 is divided by 41.
37
What is the remainder when 467 is divided by 343?
124
Calculate the remainder when 2238 is divided by 112.
110
What is the remainder when 2106 is divided by 43?
42
Calculate the remainder when 2310 is divided by 19.
11
Calculate the remainder when 561 is divided by 273.
15
What is the remainder when 4595 is divided by 38?
35
What is the remainder when 229 is divided by 11?
9
Calculate the remainder when 644 is divided by 148.
52
Calculate the remainder when 2653 is divided by 140.
133
Calculate the remainder when 1678 is divided by 140.
138
What is the remainder when 572 is divided by 115?
112
Calculate the remainder when 3306 is divided by 144.
138
Calculate the remainder when 981 is divided by 123.
120
What is the remainder when 413 is divided by 395?
18
Calculate the remainder when 1056 is divided by 7.
6
Calculate the remainder when 558 is divided by 43.
42
What is the remainder when 428 is divided by 132?
32
What is the remainder when 138 is divided by 14?
12
Calculate the remainder when 144 is divided by 36.
0
Calculate the remainder when 406 is divided by 134.
4
Calculate the remainder when 401 is divided by 15.
11
Calculate the remainder when 828 is divided by 104.
100
Calculate the remainder when 133 is divided by 45.
43
What is the remainder when 310 is divided by 91?
37
Calculate the remainder when 190 is divided by 57.
19
What is the remainder when 122 is divided by 31?
29
What is the remainder when 342 is divided by 84?
6
What is the remainder when 87 is divided by 30?
27
Calculate the remainder when 529 is divided by 186.
157
What is the remainder when 6098 is divided by 57?
56
What is the remainder when 210 is divided by 15?
0
What is the remainder when 135 is divided by 75?
60
Calculate the remainder when 542 is divided by 531.
11
Calculate the remainder when 247 is divided by 25.
22
Calculate the remainder when 722 is divided by 236.
14
Calculate the remainder when 100 is divided by 16.
4
What is the remainder when 264 is divided by 165?
99
What is the remainder when 112 is divided by 22?
2
Calculate the remainder when 927 is divided by 49.
45
Calculate the remainder when 177 is divided by 92.
85
What is the remainder when 235 is divided by 22?
15
What is the remainder when 300 is divided by 142?
16
Calculate the remainder when 104 is divided by 58.
46
What is the remainder when 122 is divided by 42?
38
What is the remainder when 1110 is divided by 9?
3
Calculate the remainder when 40 is divided by 28.
12
Calculate the remainder when 2298 is divided by 1149.
0
What is the remainder when 234 is divided by 81?
72
Calculate the remainder when 1599 is divided by 178.
175
What is the remainder when 819 is divided by 75?
69
Calculate the remainder when 459 is divided by 96.
75
What is the remainder when 1182 is divided by 108?
102
Calculate the remainder when 1156 is divided by 19.
16
Calculate the remainder when 348 is divided by 175.
173
Calculate the remainder when 486 is divided by 189.
108
What is the remainder when 6867 is divided by 15?
12
What is the remainder when 363 is divided by 145?
73
Calculate the remainder when 1411 is divided by 33.
25
Calculate the remainder when 359 is divided by 77.
51
Calculate the remainder when 285 is divided by 18.
15
Calculate the remainder when 1133 is divided by 1125.
8
Calculate the remainder when 952 is divided by 307.
31
What is the remainder when 682 is divided by 38?
36
What is the remainder when 10239 is divided by 7?
5
What is the remainder when 4122 is divided by 129?
123
What is the remainder when 1247 is divided by 51?
23
Calculate the remainder when 873 is divided by 25.
23
Calculate the remainder when 1885 is divided by 59.
56
What is the remainder when 183 is divided by 2?
1
What is the remainder when 9499 is divided by 99?
94
Calculate the remainder when 314 is divided by 64.
58
Calculate the remainder when 1138 is divided by 5.
3
Calculate the remainder when 911 is divided by 57.
56
Calculate the remainder when 195 is divided by 22.
19
What is the remainder when 153 is divided by 91?
62
Calculate the remainder when 7618 is divided by 38.
18
What is the remainder when 17 is divided by 3?
2
What is the remainder when 999 is divided by 100?
99
What is the remainder when 367 is divided by 64?
47
What is the remainder when 1055 is divided by 46?
43
What is the remainder when 101 is divided by 3?
2
What is the remainder when 92 is divided by 16?
12
What is the remainder when 462 is divided by 149?
15
Calculate the remainder when 809 is divided by 29.
26
What is the remainder when 1188 is divided by 173?
150
Calculate the remainder when 28 is divided by 26.
2
Calculate the remainder when 1291 is divided by 54.
49
What is the remainder when 331 is divided by 12?
7
Calculate the remainder when 909 is divided by 15.
9
What is the remainder when 286 is divided by 98?
90
What is the remainder when 4221 is divided by 82?
39
Calculate the remainder when 135 is divided by 19.
2
Calculate the remainder when 3707 is divided by 16.
11
What is the remainder when 607 is divided by 8?
7
What is the remainder when 28 is divided by 11?
6
What is the remainder when 311 is divided by 42?
17
What is the remainder when 243 is divided by 58?
11
What is the remainder when 536 is divided by 54?
50
What is the remainder when 25217 is divided by 97?
94
Calculate the remainder when 4973 is divided by 36.
5
What is the remainder when 2759 is divided by 918?
5
What is the remainder when 71 is divided by 18?
17
Calculate the remainder when 295 is divided by 97.
4
What is the remainder when 822 is divided by 7